- 284?
169966
In base 12, what is 4 + 20ba646?
20ba64a
In base 3, what is -102210112 + 21111?
-102112001
In base 11, what is 57 - -179883?
17992a
In base 10, what is 3461571 - 16?
3461555
In base 9, what is -6510 + 1823?
-4576
In base 3, what is -1 + -101222102110111020?
-101222102110111021
In base 14, what is -1a63c + 8?
-1a634
In base 15, what is -b433b - aa?
-b43e6
In base 2, what is 10010100000 + -1110000110101000?
-1101110100001000
In base 16, what is 8a3 - -32d40?
335e3
In base 10, what is 13 - -640377?
640390
In base 7, what is 56545 - -2211?
62056
In base 4, what is -2 - -23333130333?
23333130331
In base 5, what is -3021444444 - -21?
-3021444423
In base 4, what is -131123133 - 11?
-131123210
In base 5, what is -2100332 + -24234?
-2130121
In base 10, what is -51330 + -8158?
-59488
In base 15, what is -13504 - -1d1e?
-116d5
In base 13, what is 16050a7 + 5?
16050ac
In base 10, what is 3 - 474540?
-474537
In base 12, what is -1a8 - -53392?
531a6
In base 4, what is 100121 - 213032013?
-212331232
In base 11, what is 292758 - a5?
292663
In base 9, what is -1170 - 372377?
-373557
In base 11, what is 50 + 232060?
232100
In base 7, what is -5 + -24361203?
-24361211
In base 7, what is -101523 + 4065?
-64425
In base 15, what is -9 + 632878?
63286e
In base 15, what is 8468 - 50e?
7e59
In base 6, what is -4350454351 + 0?
-4350454351
In base 6, what is 25234501 - 3?
25234454
In base 16, what is 12773 + -14eb?
11288
In base 14, what is 8b35 - -a?
8b41
In base 10, what is -9417250 + -9?
-9417259
In base 16, what is -2e584 - -14a6?
-2d0de
In base 9, what is 4 + 17448620?
17448624
In base 4, what is -210303321133 + -311?
-210303322110
In base 11, what is -353 - -5099?
4846
In base 9, what is 414044 + -5?
414038
In base 8, what is -22653710 + 7?
-22653701
In base 9, what is 306551366 + 3?
306551370
In base 13, what is -2 + -8aa0218?
-8aa021a
In base 15, what is 47 - 4946a6?
-49465e
In base 6, what is 14 - 2100254003?
-2100253545
In base 8, what is 2314 - 1123341?
-1121025
In base 16, what is 19c0c - -e9?
19cf5
In base 6, what is -401443221 + -123?
-401443344
In base 11, what is -5635a77 + 25?
-5635a52
In base 6, what is 10133431230 - 3?
10133431223
In base 7, what is 20035 - 2025?
15010
In base 3, what is -12 + -21101111021012000?
-21101111021012012
In base 3, what is -2111 - -1101200001?
1101120120
In base 9, what is -1611456 + -23?
-1611480
In base 4, what is -232020 + 203233010?
203000330
In base 16, what is eced7 + -f3?
ecde4
In base 16, what is 582e9a + -1?
582e99
In base 16, what is 651 + 681c6?
68817
In base 16, what is -bd - 5218?
-52d5
In base 10, what is -3 - -687518?
687515
In base 9, what is -5 - -47628684?
47628678
In base 3, what is -121121101120 + 10111?
-121121021002
In base 11, what is -11763433 - -2?
-11763431
In base 5, what is 30313240303 + 4?
30313240312
In base 7, what is 63332306 + -4?
63332302
In base 9, what is 7481 - -3327?
11818
In base 7, what is 1114051054 + 2?
1114051056
In base 6, what is 301102534 + -24?
301102510
In base 7, what is 1623225165 + 5?
1623225203
In base 2, what is -1100010111000001101011111 + 10001?
-1100010111000001101001110
In base 7, what is 0 - -1562110153?
1562110153
In base 7, what is 36460221 - -510?
36461031
In base 6, what is -511 + -4404455?
-4405410
In base 7, what is 305530 + 225?
306055
In base 6, what is 4 - 121112553?
-121112545
In base 16, what is -391f7 - -5f?
-39198
In base 6, what is -1032 + 1225330?
1224254
In base 6, what is -4013143 - -15513?
-3553230
In base 14, what is -6 + -898a5?
-898ab
In base 6, what is -11000 - -311251?
300251
In base 10, what is 14963 + 30392?
45355
In base 9, what is -58 - -1482502?
1482433
In base 8, what is 26012 - 4375?
21415
In base 4, what is 103210311 - -333?
103211310
In base 4, what is 321 - 122100221213?
-122100220232
In base 3, what is -2 - 111011111200112?
-111011111200121
In base 15, what is 26b6 + -24a?
246b
In base 15, what is d1b - -43176?
43e92
In base 13, what is -1cb61b5 - -1?
-1cb61b4
In base 2, what is 10110101 - 100011000111010001?
-100011000100011100
In base 13, what is 41358 - -120?
41478
In base 10, what is 1383233 + 2?
1383235
In base 11, what is 2 - 367324?
-367322
In base 4, what is 222122100 + 123?
222122223
In base 3, what is 112200021122 + 2211?
112200101110
In base 5, what is 433424 + -44100?
334324
In base 5, what is -1304311 + -14441?
-1324302
In base 11, what is 16740 - -2a1?
16a31
In base 13, what is 2318921 + 3c?
2318960
In base 11, what is -4aa + a5018?
a4619
In base 7, what is -1513002635 - 4?
-1513002642
In base 15, what is 1615bdc - 6?
1615bd6
In base 8, what is 6370653 + 46?
6370721
In base 12, what is -889 + -1379?
-2046
In base 6, what is -1005015223 - -5?
-1005015214
In base 12, what is 2 + -11a54008?
-11a54006
In base 9, what is -820032108 - -4?
-820032104
In base 7, what is -25255303 + 1?
-25255302
In base 8, what is 1 - 11250230?
-11250227
In base 15, what is 0 - 60ce607?
-60ce607
In base 11, what is -863 + -119568?
-11a320
In base 7, what is -550236 + 46051?
-501155
In base 12, what is -20529ba + 88?
-2052932
In base 7, what is -323 + 24400?
24044
In base 16, what is -1 - -403bbe4?
403bbe3
In base 12, what is -668 - -2095?
1629
In base 8, what is 4 + -732220134?
-732220130
In base 2, what is -1111 - 1101011110000000000000?
-1101011110000000001111
In base 8, what is 317341010 + 0?
317341010
In base 8, what is 245404651 - -17?
245404670
In base 2, what is 111110011111001110111001 + -101?
111110011111001110110100
In base 6, what is 113 - -3411233?
3411350
In base 4, what is 1300 + -100302121?
-100300221
In base 8, what is 2200 + 104724?
107124
In base 10, what is -38 - 154995?
-155033
In base 13, what is -1935 + 9b?
-1867
In base 4, what is -121 + -222023213?
-222030000
In base 8, what is 5210320 + 242?
5210562
In base 14, what is 28728 - 9?
2871d
In base 6, what is -1420 + 441110?
435250
In base 16, what is -7 + -1d7050c?
-1d70513
In base 6, what is -15320323 + 135?
-15320144
In base 7, what is 1654406000 - -2?
1654406002
In base 14, what is 2b2 - 10c3?
-c11
In base 12, what is 1 - -10b45075?
10b45076
In base 11, what is 2a15 - -4751?
7666
In base 13, what is -15b5 + -a7c6?
-c0ab
In base 7, what is -2 - -6251315?
6251313
In base 2, what is -11010101001 + -1010001000100?
-1101011101101
In base 2, what is 11101101100011 + 1111010100011?
101101000000110
In base 6, what is -52 - 1120034232?
-1120034324
In base 5, what is 12 + -140104111?
-140104044
In base 6, what is -2 + 104151333?
104151331
In base 4, what is 1 - 3212000200120?
-3212000200113
In base 12, what is 346 - -43b12?
44258
In base 6, what is 142244320 - -24?
142244344
In base 14, what is -5 - -100a76?
100a71
In base 13, what is 13 - -28843?
28856
In base 7, what is 10412 + 136220?
146632
In base 6, what is 14 + 550114402?
550114420
In base 10, what is -399963 + -29?
-399992
In base 8, what is 331660 - 1004?
330654
In base 4, what is -2012332203 - 110122?
-2013102331
In base 7, what is -41654162 + 25?
-41654134
In base 12, what is -9529a + -9?
-952a7
In base 14, what is 17c0 - -1504?
2cc4
In base 12, what is 24830752 + 1?
24830753
In base 16, what is -2d3 - -6966?
6693
In base 16, what is -4 + 178fb3?
178faf
In base 9, what is -26 - -1616377?
1616351
In base 14, what is 384a - -1592?
4ddc
In base 10, what is 2115 + 22451?
24566
In base 7, what is 141 - 3421405?
-3421234
In base 5, what is 101100 + -4101?
41444
In base 5, what is 240113 - 203214?
31344
In base 15, what is -2eb9dd - -4?
-2eb9d9
In base 16, what is 8d6e - 3bef?
517f
In base 10, what is -7 + 89196?
89189
In base 13, what is 135 + -12ab1?
-12979
In base 13, what is 7c1 - -65c0?
70b1
In base 7, what is 530321 - 11021?
516300
In base 11, what is 7558 - -9646?
160a3
In base 7, what is 56445104 - 4?
56445100
In base 6, what is -203 + -5535233?
-5535440
In base 7, what is 505 - 2323425?
-2322620
In base 16, what is -83f77 - -98?
-83edf
In base 16, what is -2961 - b6?
-2a17
In base 10, what is -19103589 - -7?
-19103582
In base 10, what is -1367 + -24364?
-25731
In base 16, what is -6b6 + -1202f?
-126e5
In base 12, what is 8 + 1ba573?
1ba57b
In base 15, what is 0 + 316a4d?
316a4d
In base 10, what is 2 - -720?
722
In base 10, what is 2015 + 41627?
43642
In base 14, what is -6 + 17387b?
173875
In base 13